7/5040 + s**6/144 - 7*s**5/60 + 3*s**2. Let a(f) be the third derivative of g(f). Calculate a(0).
5
Let h(f) be the first derivative of f**4/2 + 4*f**3/3 + f**2 - 2*f + 11. Determine h(-2).
-6
Let f(h) = -13*h + 0 + 0. Let c = 141 + -142. What is f(c)?
13
Suppose 5*u = 2*y - 10, 3*u = 2*y + 3 - 13. Suppose -y*h = -2*h - 9. Let p(v) = 4*v - h*v + 3*v**2 + v. Give p(-2).
8
Suppose 0 = -7*u - 2 - 5. Let a(v) = -9*v**2 + 1. Determine a(u).
-8
Let z be 7/14*8/1. Suppose z*y + 10 + 2 = 0. Let a(v) = -3 + 4 - 6*v - v**2 - 4. Calculate a(y).
6
Let m(h) = -h - 1. Let v(q) = -6*q - 4. Suppose 4*k - 2 = 2*k. Let g(s) = k*v(s) - 4*m(s). Let a = 25 - 23. Calculate g(a).
-4
Let t(m) = m**3 + 7*m - 29 + 55 - 27 + 9*m**2. Give t(-8).
7
Let a(z) be the third derivative of -z**5/60 + 5*z**4/24 - 8*z**2. What is a(6)?
-6
Let v(m) = 6*m + 20. Let u(x) = 5*x + 19. Let k(z) = -7*u(z) + 6*v(z). Give k(9).
-4
Let k(u) = 4*u - 1. Let y(p) = -9*p + 4. Let q(c) = -5*k(c) - 2*y(c). What is q(-5)?
7
Let u be (4/(-2))/4*-2. Let d(l) = -l**2 + 8*l + 4. Let h(f) = -f**2 + f - 1. Let i(m) = u*d(m) - 2*h(m). Let z = -11 + 7. Calculate i(z).
-2
Let h(y) = 8*y + 4. Let m(x) = -9*x - 5. Let r(p) = 6*h(p) + 5*m(p). Give r(2).
5
Let d = 406 + -400. Let z(b) = -5*b + 5. Let i(c) = -c. Let v(u) = -4*i(u) + z(u). What is v(d)?
-1
Let w(l) be the third derivative of l**8/20160 - l**6/240 + l**5/60 + l**2. Let c(v) be the third derivative of w(v). Let a = 1 - 1. Calculate c(a).
-3
Let l be ((-9)/4 + 1)*4. Let f(g) = g + 4. Let k be f(l). Let o(u) = -7*u + 7*u - 4*u - 1 - 3*u. What is o(k)?
6
Suppose -3*k + 15 + 1 = -2*p, -k - p = 3. Let c(t) = -t**2 + 5 - 3 - 3*t - k. Let x be c(-3). Let a(i) = -i - 6. What is a(x)?
-6
Let c(d) be the second derivative of -d**6/120 - d**5/10 - d**4/6 + d**3/3 - d**2/2 - 4*d. Let w(z) be the first derivative of c(z). Calculate w(-4).
-14
Suppose -z + h + 13 = 0, 0 = -z - h + 5*h + 22. Let v = z + -9. Let x(i) = -3*i**3 - i. Calculate x(v).
-4
Let y(f) = f**2 + 4*f + 3. Let n be y(-2). Let a = -12 + 14. Let l(c) = 7*c**3 - c**a - 2 + 3*c**2 + 1 + 0. What is l(n)?
-6
Let g(l) = l - 1. Let x(d) = -d**3 - 2*d**2 + 2*d - 1. Let a be x(1). Let i(q) = q**2 + 2*q + 1. Let b be i(a). Determine g(b).
0
Let f(o) be the third derivative of -o**5/60 + o**4/8 + o**3/6 - 17*o**2. Let d be 6/(-21) - 30/(-7). Give f(d).
-3
Let w(c) = -3 + 7*c**3 - c**2 + 4*c - 24*c**3 + 9*c**3 + 10*c**3. Give w(2).
17
Let z(t) = 7 + 3*t**2 + 0 + 1 + 3 - t. Let b(r) = -4*r**2 + r - 16. Let h(m) = 5*b(m) + 7*z(m). Give h(3).
0
Let u(s) be the first derivative of -1/3*s**3 + 2*s + 1/2*s**2 - 3. What is u(-2)?
-4
Let u(n) be the first derivative of -1/4*n**4 + 1 + 1/3*n**3 + 5*n - 1/2*n**2. Let a = -21 + 21. Give u(a).
5
Let f(y) = 0*y - 3 + 3*y**2 - 5*y + 3*y + 1 + y**3. Let c = 6 - 9. Determine f(c).
4
Let l(h) = 6*h - 1. Let s be l(1). Suppose -3*u + 3 = -3*i, s*i = i + 3*u. Let n(d) = -3*d**3 + 3*d**i - d + 1 + d**2 + 9*d**3. Give n(1).
10
Let n(c) = 34 - 44 - c**2 + c + 9*c. Determine n(9).
-1
Let k(o) = -o**3 + 3*o**2 + 3*o**2 - o - 5*o**2 + o**2. Let n be k(2). Let y(m) = 2*m**3 + 2*m**2 - m + 2. Give y(n).
-4
Let g(k) = k**2 + 4*k + 1. Suppose 5*y = -4*t - 35, 5*y = 2*t - t - 10. Give g(y).
-2
Let w = -6 - -8. Let b(p) = -4 - w*p - 5 + 4. Calculate b(4).
-13
Let o(r) = -4*r**2 + r - 2 + r**3 + 3*r + 0*r**2. Suppose x + 4*x = -4*g + 30, -3*x - 4*g + 26 = 0. Give o(x).
-2
Let r(f) = -f. Let n(j) = 2*j**3 - 2*j**2 + j - 4. Let p be n(2). Calculate r(p).
-6
Let c be 2/5 + 4/(-10). Suppose c = -3*m + 2*s - 20, -s = -3*m - 0*s - 16. Let j be 55/45 + m/18. Let d(w) = -8*w - 1. Give d(j).
-9
Let q be (-2 - -2*1) + 6. Let c = 13 - 11. Let r(y) = 4*y**2 - c*y**2 - 3*y**2 + 1 + 8*y - 7. Give r(q).
6
Let i(j) = j**2 + 2*j + 2. Let x be i(-2). Let t(w) = w**2 - 14*w - 1 - 1 - x*w**2 + 8*w. What is t(-6)?
-2
Let t(g) = -2*g**2 + 5*g. Let i(c) = -3*c**2 + 4*c + 1. Let u(o) = -3*i(o) + 4*t(o). Give u(-7).
-10
Let c(f) be the first derivative of -f**2/2 + f - 11. Give c(-7).
8
Let n(u) = -u**3 - 6*u**2 + u + 5. Let c = -12 + 20. Suppose 0*w + 4*w - c = 0, 0 = -3*o - 3*w + 15. Suppose -h + 33 = -4*h - o*z, 0 = -3*h - z - 23. Give n(h).
-1
Let j(f) = -2*f + 4. Let c = -10 - -6. What is j(c)?
12
Let f(m) = m**2 + 4*m - 7. Suppose 2*l + 2*v + 26 = 10, 3*l = 3*v - 6. What is f(l)?
-2
Let i(p) = -8*p**2 - 5. Let j(a) = 7*a**2 - a + 5. Let f(o) = 6*i(o) + 7*j(o). Calculate f(4).
-7
Let k(q) = -q + 2. Let r be k(-4). Let z(s) = -3*s - 2*s - 2*s + r*s - 3. Determine z(0).
-3
Let x(f) be the first derivative of f**2/2 + 13*f - 1. Give x(-6).
7
Let w(j) = -j**2 - 5*j + 8. Let c be w(-6). Suppose 2*i = -m, -2*i = -c*m + 5*m - 8. Let y(n) = -n**3 + 4*n**2 - 3. Determine y(m).
-3
Let k(y) be the second derivative of y**5/20 - y**4/2 - y**3/6 + y**2/2 + 3*y. Calculate k(6).
-5
Let q = -6 + 6. Let r(g) = g**3 - 3*g**2 + 4*g + 7. Let o(i) = i**2 - i. Let t(f) = 3*o(f) + r(f). Calculate t(q).
7
Let c(y) be the third derivative of -y**4/12 - y**3/6 - 26*y**2. Let z(x) = x**3 + 4*x**2 - 5*x - 5. Let k be z(-5). Let i = k + 8. Determine c(i).
-7
Let t(j) be the first derivative of -2*j**3/3 - 7*j**2/2 + j + 20. What is t(-5)?
-14
Let x(n) = n**2 + 4*n - 3. Suppose -3*h + 5 = 23. What is x(h)?
9
Let g(d) = -2. Let k(c) = c - 12. Suppose -5*y + 2*y = -2*w - 112, -5*w + 9 = y. Let l(r) = y*g(r) - 6*k(r). Give l(3).
-14
Let f(s) = -11*s - 3. Let w(l) = -12*l - 4. Let x(j) = 5*f(j) - 4*w(j). Give x(3).
-20
Suppose -b + 3*b = 3*b. Let m(u) = u**2 - 12. Calculate m(b).
-12
Let l(h) = 2*h + 4. Let u be l(0). Let a(z) = -z**2 + 4*z - 4. Calculate a(u).
-4
Let q(x) = x**2 + 9*x - 1. Let s be q(-9). Let v(o) = 7*o**2. Give v(s).
7
Let t = -26 + 31. Let c(a) = a**3 - 7*a**2 + a - 6. Let j be c(7). Let l(s) = s - j - 3 + 5. What is l(t)?
6
Let x(k) = -k**2 - 6*k - 1. Suppose 6 = -6*q - 30. Determine x(q).
-1
Let k = 16 - 14. Let z(c) be the second derivative of c**5/10 - c**4/12 - c**3/6 - c**2/2 + c. Calculate z(k).
9
Let z(k) = k. Let m(n) = -3*n - 5. Let d(f) = m(f) + 2*z(f). Give d(-6).
1
Let z(p) = -p**3 + 3*p**2 - p - 2. Suppose 2*y = -3*y + 30. Suppose 3*k = -2*d - k + y, -3*k = -4*d + 1. Let g be (1 - -1)/(1/d). Give z(g).
0
Let r(l) = -3*l - 1 + l**3 + 3*l - l**2 + l. Let z(s) = -s**2 + 8*s + 10. Let x be z(9). Calculate r(x).
0
Let d(s) = -s**3 + 11*s**2 - 10*s + 4. Let l = -20 + 30. What is d(l)?
4
Let r be ((-12)/(-9))/((-1)/3). Let a be 8/(-4)*6/r. Let d(b) = -b + 1. What is d(a)?
-2
Suppose -2*m - s - 7 = -4*m, 2*m - 10 = 2*s. Let c(w) = -1 + 0*w**2 - w - m*w**2 + 2 - 4*w**3 + 3*w**2. What is c(1)?
-3
Let j(f) = f**3 + 4*f**2 + f - 1 + 7 - 7. Let t = -14 + 10. Determine j(t).
-5
Let q(k) = 6*k**2 + 10*k + 1. Suppose -2*a + 0*a = -8. Let p(d) = -1 + d + 6 + d**2 - a. Let g(v) = -5*p(v) + q(v). Give g(-5).
-4
Let c(s) = 0 + 9 + s - 5. Suppose 3*l + 5 = p - 7, 0 = 4*l + 20. Determine c(p).
1
Let b(o) = o - 1. Let j = -4 + 6. Let i be 0/(1 + j + -1). What is b(i)?
-1
Let c(o) = o**2 - 10*o + 11. Let w be c(9). Let h(p) = p**2 - 3*p + 3. Give h(w).
1
Let u = 13 + -7. Let g = u + -11. Let l(c) = c**3 + 5*c**2 + c + 3. Give l(g).
-2
Let z(m) be the third derivative of m**4/24 - 7*m**3/6 - 5*m**2. Give z(0).
-7
Let s(g) be the second derivative of -g**3/3 - g**2/2 - 3*g. Suppose m + 2*m = -24. Let d(p) = -p - 9. Let r be d(m). Calculate s(r).
1
Suppose 8 = f - 2*q, 0 = -3*f + 2*q + 13 + 7. Let m(y) = -5*y + 0*y + f*y + 6. Give m(-4).
2
Suppose 0*z = 4*z + 8. Let i(c) be the first derivative of 5*c**2/2 + c + 3. Give i(z).
-9
Let h be (5 + (0 - -1))/2. Suppose -5*y + 3*k - 2 = 3, 4 = -4*y + 4*k. Let i(l) = l - 1. Let q(u) = 4*u - 9. Let v(n) = y*q(n) + 5*i(n). Determine v(h).
7
Let z(p) be the first derivative of p**4/4 - p**3 - 3*p**2/2 + 2*p - 4. Calculate z(4).
6
Let d be 168/27 - 6/27. Let l(b) = -b**3 + 7*b**2 - 7*b + 9. Calculate l(d).
3
Let w(v) be the first derivative of 1/2*v**2 + 1/12*v**4 + 1/3*v**3 + 0*v - 4. Let r(i) be the second derivative of w(i). What is r(-3)?
-4
Suppose -5*q + 6*q = 3. Let i(m) = -m**2 + 3*m - 3. Determine i(q).
-3
Let m(o) be the second derivative of 0 + 0*o**2 - 1/6*o**3 - 2*o. Determine m(6).
-6
Let j(h) be the second derivative of h**4/12 - 2*h**3/3 + 3*h**2/2 + 26*h. Give j(2).
-1
Su